s. Let i(f) = -6 - f + 3 + 1 + 9. Give i(c).
4
Let z(x) be the second derivative of -1/12*x**4 + 0*x**2 + 4*x + 0 + 1/6*x**3. What is z(0)?
0
Let z(i) = -2*i + 1. Suppose 32 = 2*g + 38. What is z(g)?
7
Let d(m) = 5*m**2 - 3*m + 2. Let r(n) be the first derivative of -n**3/3 - n**2/2 + n + 1. Let q(j) = d(j) - r(j). What is q(1)?
5
Let z(h) = h**3 + 5*h**2 + 6*h. Suppose 4*l - 29 = -5*y, 0*l + 3*l - 5*y + 22 = 0. Let r(s) = -4*s**2 + s - s + s - s**2. Let u be r(l). Give z(u).
-8
Let i(p) = p**2 + 5*p + 8. Let w be i(-5). Let u(h) = -h**3 + 8*h**2 - h + 9. Determine u(w).
1
Let w(k) = 11*k + 17 + k - 17*k + 6*k. What is w(0)?
17
Let j(h) = h**3 + 4*h**2 - 3*h - 4. Let c be j(-4). Let a(f) = -f**3 + 7*f**2 + 9*f - 7. Determine a(c).
1
Let u(w) = 4*w**2 + 0*w**2 + w**3 + w**2 + 1 + 4*w - 3*w**2. Calculate u(-3).
-20
Let k(p) = -p - 6. Let l(m) be the first derivative of m**2/2 + 7*m + 1. Let s be 330/(-45) + 1/3. Let f be l(s). Calculate k(f).
-6
Let n = -4 - -16. Suppose 10*f - n*f = 0. Let y(q) = q**3 - q**2. Calculate y(f).
0
Let x(l) = -7*l**2 + 11*l + 6. Let g = 22 + -15. Let c(m) = 10*m**2 - 16*m - 9. Suppose -2*t + 7 = -3. Let y(u) = g*x(u) + t*c(u). Give y(3).
-3
Suppose -5*b + 11 = -m, 2*b + b - 5*m = 11. Let k(t) = 5*t + t**b + 5*t**2 - 4*t - t**3. What is k(6)?
6
Suppose -5*z + 3*i - 1 = 3, -3*i - 16 = 5*z. Let k(f) be the third derivative of f**5/60 + f**4/12 + f**3/6 - 5*f**2. Calculate k(z).
1
Let k(x) = -x**3 - 4*x**2 + 6*x - 3. Let q be 1 + (-3 - -9) + -3. Suppose g + q*g + m + 24 = 0, 4*g + 24 = 4*m. What is k(g)?
-8
Let o(a) = 5*a - 1. Suppose -12 = -3*i - 9. Give o(i).
4
Suppose 3*z + 15 = 6*z. Let a(b) = -b. What is a(z)?
-5
Let q(f) be the third derivative of -f**4/12 + f**3/6 + 40*f**2. Calculate q(-6).
13
Let u(l) be the first derivative of l**6/120 + l**5/60 - l**4/8 - l**3/3 - l**2/2 + 1. Let n(q) be the second derivative of u(q). What is n(-2)?
0
Let a(q) = q - 1. Suppose -6*h = -38 - 34. Calculate a(h).
11
Suppose 4*d - 5 - 7 = 0, 62 = -4*z - 2*d. Let p = z - -18. Let s(f) = -8*f**2 + 1. Determine s(p).
-7
Suppose -4*i = 5*v - 2 - 24, 0 = -3*i - v + 25. Suppose -3 = -r + 4*r - 3*t, -t = -2*r - 4. Let d be i/(-6)*(r + 1). Let a(q) = q**2 - 6*q + 3. What is a(d)?
-6
Let c(v) = -v - 12. Let y(x) = x**3 - 2*x**2 + x + 2. Let q be y(2). Let u = -9 + q. Determine c(u).
-7
Suppose 8*a - 10 = 14. Let y(j) = j - 1. Calculate y(a).
2
Let t(x) be the second derivative of -x**2 - 1/6*x**3 + 3*x + 0. Determine t(5).
-7
Suppose 4*t = 3*t. Suppose -3*k + 1 = 2*o, t = k - 4*o - 3 - 2. Let c(h) = 2*h**2 + 3*h**3 + h**2 - 2*h**2. What is c(k)?
4
Let o(y) be the second derivative of -y**3/6 - 2*y**2 + 6*y. Determine o(-2).
-2
Suppose -4 - 6 = 2*j. Let z(c) = 1. Let x(h) = -2*h - 8. Let y(v) = j*z(v) - x(v). Calculate y(-3).
-3
Let k(f) = 26*f - 6*f**2 - 24*f + 1 + 0 - 2. What is k(2)?
-21
Let v(j) = -j**3 - 5*j**2 + 2. Let x = 10 + -14. Determine v(x).
-14
Let j(t) = -t**3 + 6*t**2 - 2*t - 5. Let z be -2 + 3 - (3 - 6). Give j(z).
19
Let t(b) = 3*b + 0 + 3 - b**2 - 4*b. Let g(j) = 1. Let i(w) = -w + 11. Let h(o) = -4*g(o) + i(o). Let x be h(7). Give t(x).
3
Let u be ((-3)/(-2))/(15/20). Let y be 36/21 + (-2)/(-7). Suppose y*q - 2*k + k - 3 = 0, 2*q - u*k = 4. Let s(x) = 5*x**2 - 1. Determine s(q).
4
Let x be 4/(-16) - (-21)/4. Let b(t) = 3 + t + 0 + 0 - 4. Calculate b(x).
4
Let w be 2/8 - (-90)/24. Suppose k - w*k = 0. Let d(a) = -a + 7. Determine d(k).
7
Let d(m) = -2*m**3 - 3*m**2 - 3*m - 3. Suppose t - 3*r + 20 = 0, 3*r - 23 = 4*t + 21. Let h be 3/(-1) - (t - -7). What is d(h)?
7
Let l(o) be the third derivative of o**4/24 - 5*o**2. Give l(-3).
-3
Let t(n) = n + 5. Suppose -u = 0, 5*u = -3*j - 2 - 10. Give t(j).
1
Suppose -20 = 2*l + n + n, 2*l + 4*n + 30 = 0. Let f(x) be the first derivative of x**2 + x - 7. Give f(l).
-9
Suppose 2*t = 2 + 2. Suppose -4*h = t*j, -5*h + 12 = -h + 5*j. Let f(g) = 3*g + 2. Give f(h).
-4
Let j(i) = -4 - 176*i**2 + 13 + 6*i - i**3 + 171*i**2. Determine j(-6).
9
Let i(k) = -4*k + 6. Let m(w) = -7*w + 10. Let r(t) = -5*i(t) + 3*m(t). Determine r(-6).
6
Let s(i) = -5*i + 1. Let l(p) be the second derivative of -p**3/6 - 3*p**2 - 2*p. Let y be l(-8). Give s(y).
-9
Let v(u) = u + 4. Let i be v(0). Let a(l) = -i + 4*l**2 + l - l**3 - 6*l**2 + 2. Determine a(-2).
-4
Let j be (-5)/((-10)/4) - 2. Let c(p) be the first derivative of p**4/4 + p**3/3 - p**2/2 - 7*p - 8. What is c(j)?
-7
Let f(z) = 2*z**2 + 5*z + 6. Let r(p) = 3*p**2 - p - 4. Let v(t) = t**2 - 1. Let w(h) = -r(h) + 4*v(h). Let o(a) = -f(a) + w(a). What is o(-4)?
-6
Let t(q) be the second derivative of 0 - 2*q - 1/2*q**2 + 1/2*q**3. Give t(-3).
-10
Suppose -5*y + 10 = -0*y. Let d(i) = 0*i + i + 1 - i**2 - 6*i**y. Give d(-1).
-7
Let f(m) = -m**2 + 4*m - 1. Let y = -15 - -20. Let i be (y/1)/(-1)*-1. Determine f(i).
-6
Let w(o) = -3*o**2 - o - 1. Suppose 7*u + 6 = 10*u. Determine w(u).
-15
Let q(t) = -7*t - 1. Let p = 3 - 5. Let v be (p + -1)/(9/(-6)). Calculate q(v).
-15
Let a(c) = -c**3 - 4*c**2 + 6*c + 6. Suppose 0 = 2*u - 3*p + 22, -2*u + 0 = 2*p + 2. Calculate a(u).
1
Let k(l) = -l**2 + l + 15. Let i(z) = 2*z**3 + 8*z**2 - 8*z + 10. Let a be i(-5). What is k(a)?
15
Let j(i) be the second derivative of -i**4/12 - i**3/6 + i**2/2 - i. Let z(b) = -3*b**2 - 3*b + 7. Let c(u) = 4*j(u) - z(u). What is c(-3)?
-9
Let r(n) = -4*n - 3. Let t be r(-1). Let o(g) = -14*g**2 - 2*g + 1. What is o(t)?
-15
Let p = 6 + -2. Let w = 6 - p. Let n(x) = 4*x**3 + 3*x**2 + 4*x - 1. Let k(g) = -5*g**3 - 3*g**2 - 5*g + 1. Let f(y) = 5*k(y) + 6*n(y). Give f(w).
1
Suppose 4*d = -16 - 8. Let n(g) = -g**3 - 7*g**2 - 8*g - 1. Calculate n(d).
11
Let c(r) be the second derivative of -1/20*r**5 + 0 - r - 1/2*r**3 + 1/2*r**2 + 1/3*r**4. What is c(2)?
3
Let y(f) = 9*f + 6. Let a(n) = -4*n - 3. Let q(j) = -14*a(j) - 6*y(j). Calculate q(-5).
-4
Let p(n) = -n**3 - 2*n**2 + 3*n - 1. Let a be (3/6)/(2/(-12)). Let i be p(a). Let q(h) be the third derivative of h**4/6 - h**3/6 - 2*h**2. Give q(i).
-5
Suppose -4*n + n + 6 = 0. Let w be 6 - (-2 + 2 - 0). Let y(t) = w*t - t**2 + t**3 - 1 - t**2 - 5*t. Give y(n).
1
Let z be (0 + -1)*9/(-3). Let f(m) be the first derivative of -m**4/4 + m**3 + m**2 - m + 11. Give f(z).
5
Suppose 0 = -3*s + 4*q + 36, q - 2*q = -5*s + 43. Let i(d) = s*d**2 - 10*d**2 - 1 - 2 + 5*d. What is i(3)?
-6
Let s = -25 - -33. Let t(l) = l - 4. Calculate t(s).
4
Let c be 1 + (4/2)/1. Suppose -c*b = -b. Let a(q) = q**3 + q**2 - q + 4. Determine a(b).
4
Suppose q = -4*q + 20. Let p(h) = 5*h**3 - 2*h + 1. Let u be p(1). Let l(j) = -2*j**2 - 3*j - u*j**3 + 7*j**2 + 3*j**3 - 1. Give l(q).
3
Suppose 4*a = 14 - 2. Let q(c) = -c**2 + 8*c - 4. What is q(a)?
11
Suppose -3*s = 3*r, -4*r + 3*s + 39 = 4. Let d(t) = -2*t + 4 + 2 - 3. Calculate d(r).
-7
Let f(g) = 2*g - 4*g - g + g - 7. Let p = -9 + 3. Let v be 34/(-6) - 4/p. Give f(v).
3
Let g(d) = -d**3 + 4*d**2 + 3*d - 4. Let k(r) = -r**2 + 5*r + 2. Let m be k(5). Suppose -5*x = -m*x + 33. Let h = -7 - x. Determine g(h).
8
Let g(f) = -2*f + 1 + f + 0. Suppose 0 = -22*x + 24*x. Suppose 15 = -3*p - x. Determine g(p).
6
Let s(r) = -r**2 - 4*r - 1. Suppose 0 = -4*u + 14 - 2, -2*u = b - 16. Suppose -2*h = -5*q - 24, 5*q + 2 + b = -4*h. Calculate s(q).
-1
Let x(c) be the first derivative of -c**4/4 - c**3 - c**2/2 - 4*c - 20. Give x(-3).
-1
Let b = 2/7 + -17/84. Let c(l) be the third derivative of 0 - 3*l**2 + b*l**4 + 0*l + 1/6*l**3. What is c(1)?
3
Let h be 0/(1*(1 - 0)). Let t be (h + 0)*(-4)/8. Suppose k = -t*k. Let a(g) = -g**2 + g - 4. Calculate a(k).
-4
Let q(c) = c**2 + 9*c. Let h(a) = 2*a**2 - 5*a + 4. Let z(l) = 3*l**2 + l - 5*l - 1 + 6. Let o(n) = 4*h(n) - 3*z(n). Let y(p) = 4*o(p) + 3*q(p). What is y(-5)?
4
Let u(j) = -1 + 2*j + 1. Suppose 5*d = 2*v + 17, 0 = -5*d + 14 + 1. Let z be (-1)/(-2) + v/(-2). What is u(z)?
2
Let x(p) = p**2 - 10*p + 17*p + p**3 - 6 - 8*p + 2. Let r be (-2)/8 - (-1)/4. Calculate x(r).
-4
Suppose 3*s - 2*n + n - 10 = 0, -3*s - 5*n = -22. Suppose -s*i = -i + 21. Let r = 13 + i. Let u(z) = z - 6. Calculate u(r).
0
Let x be (8 + 1)*4/(-6). Let c(f) = -f**2 - 5*f + 7. Give c(x).
1
Let z = -1 - 0. Let y be (5 + z)/(-2 + 3). Suppose 3*l + 35 = -y*j, 2*j - 2*l + 5 = -j. Let d(g) = -g**2 - 5*g - 6. Calculate d(j).